 - 56, 2*u = 0. List the prime factors of y.
2
Let b be 2/(-8) - 11/(-44). Let t(o) = -4*o + 30. Let d be t(7). Suppose -5*j + d*h + 1076 = b, -5*h = -0*j - 2*j + 422. List the prime factors of j.
2, 3
Let p(j) = j**3 - 3*j**2 + 2*j + 6. Let i be p(6). Let c = -75 + i. What are the prime factors of c - -2 - -3 - (-3)/3?
3, 19
Let j be (-572)/(-676) + 4/26. Suppose 0 = 4*g - 2*w - 3176, j - 5 = -2*w. What are the prime factors of g?
3, 5, 53
Suppose -826154 = -40*l + 43166. List the prime factors of l.
103, 211
Suppose 79424 = 3*u + d, 0 = -5*u - 5*d + 173521 - 41131. What are the prime factors of u?
23, 1151
Let z be 10/15*(11/2 + 2). Suppose -z*g + 0*g = -m - 11, 0 = -4*g - 4*m + 28. Suppose 330 = -g*s + 8*s. List the prime factors of s.
2, 3, 11
Let q = 211 + -216. Let d(z) be the second derivative of z**4/4 - 7*z**3/6 - 9*z**2/2 + z. List the prime factors of d(q).
101
Let n(f) = 2*f**3 - 5*f**2 + 23*f - 36. Let i be n(2). Suppose -4 = i*h - 82. List the prime factors of h.
13
Let v = 43 + -276. Let x = v + 513. List the prime factors of x.
2, 5, 7
Let r(p) = 6*p**2 - 15*p + 7. Let a(b) = -5*b**2 + 14*b - 7. Suppose 4 = d - 3. Let m(n) = d*a(n) + 6*r(n). What are the prime factors of m(-14)?
7, 11
Let i(t) = 6*t**3 - t**2 - 8*t + 4. Let d be i(-6). Let q = d + 3348. Suppose -15*j + q = -4*j. List the prime factors of j.
2, 47
Let n(a) = 77*a - 16. Let y be n(-3). Let k = 1327 + -859. Let m = k + y. List the prime factors of m.
13, 17
Suppose 0 = -11*n - 11636 + 28400. Let k = -666 + n. What are the prime factors of k?
2, 3, 11, 13
What are the prime factors of (-22)/(-2 - 4842/(-2430))?
2, 3, 5, 11
Suppose -4*d - 3*x + 7 - 9 = 0, 4*d = -4*x. What are the prime factors of ((-625)/20 - (-3 + d))*-16?
2, 3, 5, 7
Let q = 241 - -20. Suppose 2*b = q + 169. List the prime factors of b.
5, 43
Let h(s) be the first derivative of -s**4/12 - 23*s**3/6 - 3*s**2/2 - 11*s - 19. Let a(p) be the first derivative of h(p). List the prime factors of a(-11).
3, 43
Let x be (-92)/14 + (-5 - (-273)/49). Let a(o) = -2*o**3 - o**2 - 3*o + 2. What are the prime factors of a(x)?
2, 13
Suppose 4*y - 2*y = -y. Let d(i) = -i**2 - 7*i + 409. List the prime factors of d(y).
409
Let g(i) = -85*i - 127. Let x be g(-11). Suppose 9*n - 419 = 8*n + v, x = 2*n + 4*v. What are the prime factors of n?
2, 3, 23
Let u(h) = h + 162. Let i(y) = 3*y**2 - 2*y**2 - 3*y**2 + 30 + y + y**2. Let f be i(6). List the prime factors of u(f).
2, 3
Let p = -64 - -66. Suppose 5*u + 18 = -p*a, -3*a - 5*u = -3*u + 5. What are the prime factors of (129 + a - (4 - 6)) + 2?
2, 67
Suppose -3*u - 164 = -4*a, -3*u = -5*a + 200 + 8. Let j be (a/(-33))/(1*(-1)/3). Suppose j*t - 3*f = 439, 4*f - 2*f + 442 = 4*t. List the prime factors of t.
2, 7
Let g(t) = 147*t + 2310. What are the prime factors of g(15)?
3, 5, 7, 43
Let o = 411 - 121. Suppose 2*k + 4*s + 0*s - o = 0, 3*s - 444 = -3*k. Let t = 225 - k. What are the prime factors of t?
2, 37
Suppose 0 = -2*f + 4*k + 80 + 1018, f - 552 = 3*k. Suppose t = 231 + f. List the prime factors of t.
2, 3, 43
Let h(i) = i**2 + i - 40. Let s be h(-7). Suppose 90 = s*j - 336. What are the prime factors of j?
3, 71
What are the prime factors of 5604/5 + (-225)/125?
3, 373
Suppose 6*w - 5 = 4*w - 5*i, -5*i = -3*w - 5. Suppose -2*d + 49 - 49 = w. Suppose d = -5*f + 83 + 237. What are the prime factors of f?
2
Suppose 1549*c - 1527*c = 502502. List the prime factors of c.
7, 13, 251
Let f be (-14 - -14)*(-1)/2. Suppose f = -10*d + 1 + 9. What are the prime factors of (-1)/6*d - 651/(-18)?
2, 3
Let t(h) = -h**3 + h**2 + h - 1. Let f(v) = -12*v**3 - 2*v**2 - 8*v + 6. Let r(n) = -f(n) - 4*t(n). List the prime factors of r(1).
2
Let z = 94 + -90. Suppose -4*w + 269 = -h - 0*h, 0 = z*w - 3*h - 271. What are the prime factors of w?
67
Let s be (-1 - -2)*-1 - (1 - 2233). Let c = s + -1171. What are the prime factors of c/100 + (-4)/(-10)?
11
Let q be (-6)/(-7)*(35 + 7). Suppose -4*l = -4*z + q, -z = z + 2*l - 6. Suppose 0 = z*o - o - 240. List the prime factors of o.
2, 3
Let c(s) = -2*s**2 + 27*s - 7. Let b be c(13). Suppose 4*m = t + b, 4*m = 2*t + 3*m - 2. What are the prime factors of (9 + -10)*(-328)/(0 + t)?
2, 41
Let z(l) = -10*l**3 - 8*l**2 - 5*l - 8. Let a be z(-5). Suppose -5*h - a = 313. Let d = 394 + h. List the prime factors of d.
2, 59
Suppose 0 = 2*d - 8, -t - 79*d + 84*d = -32357. List the prime factors of t.
32377
Suppose 0 = -2*b - 6, 2*g - 2*b = 4*g. Suppose -3*f - f = 5*n + 10, g*f + 11 = -2*n. What are the prime factors of (13/f - (-8 + 5))*150?
2, 3, 5
Let p be (-2)/(3 - 11/3). Suppose -5*b = -2*u + 33, 0 = -p*u - 0*b - 2*b + 2. List the prime factors of 2/(-6) + ((-10464)/(-18))/u.
5, 29
Suppose -158*r + 53324 = -154*r + 5*f, -4*r + 53324 = 2*f. What are the prime factors of r?
13331
Suppose -733036 + 356435 = -112*y + 951271. What are the prime factors of y?
2, 3, 13, 19
Let q(k) = -4*k**3 - 4*k**2 + 2. Let g be q(1). Let x = -4265 - -2009. List the prime factors of ((-8)/g)/(-4*4/x).
2, 47
Suppose 8*x = 14*x - 11586. Suppose p = l - 978, 10*l + 3*p - x = 8*l. List the prime factors of l.
7, 139
Suppose 1728864 = 35*y - 794566. What are the prime factors of y?
2, 13, 47, 59
Suppose 5*i + 5*q = 8945, 14*i - 17*i = 5*q - 5377. Let m = i + -1230. List the prime factors of m.
2, 277
Let a = 51 - 107. Let x = 60 + a. Suppose 0 = x*j - 4*l - 968, 0*l = -4*j + 3*l + 969. List the prime factors of j.
3
Let d = -315 - 1864. Let r = -1429 - d. Suppose -2*b - r = -7*b. List the prime factors of b.
2, 3, 5
Suppose 40*f = 38*f + 10. Let n(p) = 48*p - 16. List the prime factors of n(f).
2, 7
Let i(k) = 2*k**3 - 79*k**2 + 106*k - 108. List the prime factors of i(44).
2, 5, 7, 157
List the prime factors of (((-80)/15 - -6) + -2)/((-6)/4167).
2, 463
Suppose -3*a + 5*s = -161741, -215708 = -2*a - 2*a - 4*s. Suppose 8*t + a = 51*t. List the prime factors of t.
2, 3, 11, 19
Suppose 2*k + 3*k = 0, -3*n + 3726 = -5*k. List the prime factors of n.
2, 3, 23
Let v(p) = -27*p + 13. Let h be v(-15). Let a be h*(-6 + 2)/(-4). Suppose -4*k = 58 - a. List the prime factors of k.
2, 3, 5
Suppose 3*c + 1605 = 1746. Suppose 4*b = 4*g + 396, -287 = -2*b - b - 2*g. Let v = b + c. What are the prime factors of v?
2, 3
Suppose 2*g - 40 + 30 = 0. Suppose 0 = -3*a - g*h - 4 - 1, -35 = -3*a + 5*h. What are the prime factors of a - 4 - 3 - -38*2?
2, 37
Let k(l) = -5*l - 5. Let i be k(-2). Suppose -3*u + 3*x - i*x + 3910 = 0, 2*x - 10 = 0. List the prime factors of u.
2, 5, 13
Let w = -61 - -71. Suppose 4*s = -w*s + 3780. Suppose -180 = -2*x - 7*b + 3*b, -s = -3*x - 4*b. What are the prime factors of x?
2, 3, 5
Suppose -3 = -2*v + c, -3*v + 8 = -4*c - 4. Suppose 10 = 2*h, v = -18*f + 13*f - 4*h + 1055. List the prime factors of f.
3, 23
Suppose -4 = -m - q, -3*q = -5*m + 15 + 13. Suppose 27 = 5*l - 2*f + 726, -m*f = -5*l - 690. Let z = -73 - l. List the prime factors of z.
2, 17
Let l be ((-162)/21 - -8) + (-6036)/7. Let o = 2185 + l. What are the prime factors of o?
3, 7
Let n = -3121 - -3191. What are the prime factors of n?
2, 5, 7
What are the prime factors of ((-9)/(243/235413))/(-2 + 1)?
8719
Let m(v) = 10*v**2 - 3*v - 1. Let y = 86 + -91. Let s be m(y). Suppose -s = -3*b + 186. What are the prime factors of b?
2, 3, 5
Suppose x = 5*h + 11302, -15*x - 5*h = -19*x + 45238. List the prime factors of x.
2, 7, 101
Suppose -5849922 = 34*v - 112*v. What are the prime factors of v?
37, 2027
Let k(q) = 2*q**2 + 10*q + 14. Let f be k(-4). Suppose 5*x - 2*r - 597 = -f*r, x - 102 = 5*r. Suppose -14 + x = i. What are the prime factors of i?
103
Suppose 76967 = -2897*a + 2908*a. List the prime factors of a.
6997
Suppose 4*n + 5*q - 5949 = 0, 21*n - 1466 = 20*n + 3*q. List the prime factors of n.
1481
Let c = -379 + 2844. List the prime factors of (-2 + 2/10)*c/(-87).
3, 17
List the prime factors of (((-4)/(-6))/((-35)/(-126)))/((-10)/(-313975)).
2, 3, 19, 661
Let c = -55 - -55. Suppose 3*s - 1791 + 153 = c. What are the prime factors of s?
2, 3, 7, 13
Suppose -23486 - 5029 = -5*f. List the prime factors of f.
3, 1901
Let f = 7 + -6. Suppose -4*z - f = 31. What are the prime factors of 219/(-1)*(z/6)/2?
2, 73
Let q(h) = -5936*h + 564. List the prime factors of q(-2).
2, 3109
Let s be 2/(5 - 104/20).